8?
8
What is the hundreds digit of 635933714?
7
What is the millions digit of 230847421?
0
What is the millions digit of 385792702?
5
What is the hundred millions digit of 326527136?
3
What is the ten millions digit of 67143957?
6
What is the units digit of 41153636?
6
What is the hundreds digit of 163565171?
1
What is the thousands digit of 1009643651?
3
What is the ten millions digit of 68903576?
6
What is the tens digit of 17866676?
7
What is the thousands digit of 444791734?
1
What is the thousands digit of 2809611868?
1
What is the hundreds digit of 194858884?
8
What is the units digit of 42007388?
8
What is the units digit of 37910350?
0
What is the millions digit of 6543812?
6
What is the hundred millions digit of 759106684?
7
What is the tens digit of 27030602?
0
What is the ten millions digit of 608585516?
0
What is the ten thousands digit of 333668368?
6
What is the millions digit of 764916553?
4
What is the ten thousands digit of 419209579?
0
What is the billions digit of 1080522675?
1
What is the hundreds digit of 57556277?
2
What is the ten thousands digit of 300113610?
1
What is the hundreds digit of 133346842?
8
What is the hundreds digit of 1337622147?
1
What is the hundred thousands digit of 4754263256?
2
What is the millions digit of 1081320025?
1
What is the millions digit of 685245242?
5
What is the hundreds digit of 382113440?
4
What is the tens digit of 379509696?
9
What is the hundreds digit of 179008803?
8
What is the tens digit of 980479385?
8
What is the units digit of 285562035?
5
What is the hundred millions digit of 714010137?
7
What is the thousands digit of 757473857?
3
What is the ten millions digit of 10759236?
1
What is the hundreds digit of 317145687?
6
What is the tens digit of 2964879550?
5
What is the tens digit of 2593912304?
0
What is the ten thousands digit of 150105713?
0
What is the millions digit of 783499985?
3
What is the hundred thousands digit of 85885601?
8
What is the ten thousands digit of 2433777314?
7
What is the ten millions digit of 623868655?
2
What is the units digit of 384344171?
1
What is the hundred thousands digit of 1047180531?
1
What is the millions digit of 188610412?
8
What is the units digit of 43901299?
9
What is the hundred millions digit of 531477466?
5
What is the ten thousands digit of 166583346?
8
What is the hundred millions digit of 137088561?
1
What is the hundred millions digit of 141669576?
1
What is the hundred millions digit of 139755963?
1
What is the hundreds digit of 50694210?
2
What is the hundred thousands digit of 166498784?
4
What is the units digit of 8911846?
6
What is the millions digit of 125707149?
5
What is the units digit of 606635450?
0
What is the billions digit of 2194482066?
2
What is the hundreds digit of 55492304?
3
What is the tens digit of 1084407997?
9
What is the ten millions digit of 501838582?
0
What is the hundred thousands digit of 124810441?
8
What is the hundred millions digit of 1155615431?
1
What is the ten millions digit of 93987329?
9
What is the hundred millions digit of 107927789?
1
What is the tens digit of 109247922?
2
What is the ten millions digit of 195646206?
9
What is the ten thousands digit of 6144800024?
0
What is the ten thousands digit of 775780348?
8
What is the hundreds digit of 1295352034?
0
What is the ten millions digit of 1086419572?
8
What is the tens digit of 2241128039?
3
What is the units digit of 27382370?
0
What is the tens digit of 60958672?
7
What is the units digit of 818863796?
6
What is the millions digit of 26147223?
6
What is the units digit of 9262598?
8
What is the millions digit of 2530783881?
0
What is the hundred thousands digit of 57098995?
0
What is the units digit of 1100415101?
1
What is the tens digit of 175796646?
4
What is the hundred millions digit of 2058523835?
0
What is the hundred thousands digit of 799657696?
6
What is the hundred millions digit of 8551976249?
5
What is the hundred millions digit of 1248100765?
2
What is the tens digit of 1301684152?
5
What is the ten thousands digit of 5393481?
9
What is the tens digit of 42281172?
7
What is the hundreds digit of 242772035?
0
What is the tens digit of 43519850?
5
What is the units digit of 322440066?
6
What is the thousands digit of 4396068066?
8
What is the tens digit of 141136200?
0
What is the ten millions digit of 1920754602?
2
What is the hundreds digit of 197992871?
8
What is the ten thousands digit of 169237575?
3
What is the ten millions digit of 2004890395?
0
What is the ten millions digit of 10679860?
1
What is the units digit of 1707648055?
5
What is the units digit of 545157466?
6
What is the thousands digit of 2078469629?
9
What is the thousands digit of 187375331?
5
What is the millions digit of 145516676?
5
What is the ten millions digit of 186280458?
8
What is the hundreds digit of 801662640?
6
What is the thousands digit of 13984263?
4
What is the millions digit of 613826636?
3
What is the thousands digit of 6678903?
8
What is the hundred thousands digit of 103781271?
7
What is the ten thousands digit of 544335542?
3
What is the thousands digit of 307986695?
6
What is the ten millions digit of 44371093?
4
What is the thousands digit of 315635519?
5
What is the hundreds digit of 16660471?
4
What is the hundreds digit of 55932668?
6
What is the tens digit of 2449367685?
8
What is the ten thousands digit of 2888083559?
8
What is the ten millions digit of 812640471?
1
What is the ten thousands digit of 17615562?
1
What is the millions digit of 164357796?
4
What is the units digit of 40723487?
7
What is the hundred millions digit of 310014403?
3
What is the hundred thousands digit of 18227619?
2
What is the hundreds digit of 80516768?
7
What is the thousands digit of 248897806?
7
What is the hundred millions digit of 721121025?
7
What is the millions digit of 756934108?
6
What is the units digit of 1997319504?
4
What is the tens digit of 267482070?
7
What is the billions digit of 3509971113?
3
What is the ten millions digit of 27126859?
2
What is the hundred thousands digit of 76936618?
9
What is the ten thousands digit of 2373846?
7
What is the hundred millions digit of 6648998689?
6
What is the hundreds digit of 188789568?
5
What is the millions digit of 2407877496?
7
What is the ten thousands digit of 2283590204?
9
What is the thousands digit of 236293874?
3
What is the hundreds digit of 111491246?
2
What is the hundred millions digit of 738395829?
7
What is the ten millions digit of 152438409?
5
What is the millions digit of 56402222?
6
What is the millions digit of 4664725461?
4
What is the hundred millions digit of 780179497?
7
What is the units digit of 120119101?
1
What is the thousands digit of 2781018912?
8
What is the millions digit of 1697680390?
7
What is the hundred thousands digit of 297407724?
4
What is the units digit of 104174296?
6
What is the hundreds digit of 4080819?
8
What is the millions digit of 228944348?
8
What is the hundred thousands digit of 468046823?
0
What is the hundred millions digit of 190411490?
1
What is the thousands digit of 10505387?
5
What is the units digit of 766230128?
8
What is the units digit of 5320417?
7
What is the billions digit of 5117007196?
5
What is the millions digit of 3733441076?
3
What is the ten millions digit of 38218743?
3
What is the tens digit of 48748899?
9
What is the units digit of 498430322?
2
What is the units digit of 40728492?
2
What is the thousands digit of 8369256439?
6
What is the hundred thousands digit of 4520245?
5
What is the ten millions digit of 439471280?
3
What is the millions digit of 1163766269?
3
What is the tens digit of 33096170?
7
What is the hundred millions digit of 128509101?
1
What is the hundred millions digit of 391958857?
3
What is the thousands digit of 1247254716?
4
What is the ten millions digit of 1178538558?
7
What is the millions digit of 1277702851?
7
What is the hundred millions digit of 100158268?
1
What is the hundred thousands digit of 354368837?
3
What is the hundred millions digit of 560784673?
5
What is the tens digit of 911824530?
3
What is the hundred thousands digit of 321769538?
7
What is the hundred thousands digit of 156876570?
8
What is the tens digit of 7500980?
8
What is the units digit of 177715749